{"id":360,"date":"2022-08-16T15:10:06","date_gmt":"2022-08-16T15:10:06","guid":{"rendered":"https:\/\/lizando-gmbh.de\/?page_id=360"},"modified":"2022-08-16T15:13:11","modified_gmt":"2022-08-16T15:13:11","slug":"guido-weber","status":"publish","type":"page","link":"https:\/\/lizando-gmbh.de\/index.php\/ueber-uns\/guido-weber\/","title":{"rendered":"Guido Weber"},"content":{"rendered":"\t\t<div data-elementor-type=\"wp-page\" data-elementor-id=\"360\" class=\"elementor elementor-360\" data-elementor-post-type=\"page\">\n\t\t\t\t\t\t<section class=\"elementor-section elementor-top-section elementor-element elementor-element-24a65eb elementor-section-boxed elementor-section-height-default elementor-section-height-default\" data-id=\"24a65eb\" data-element_type=\"section\">\n\t\t\t\t\t\t<div class=\"elementor-container elementor-column-gap-default\">\n\t\t\t\t\t<div class=\"elementor-column elementor-col-100 elementor-top-column elementor-element elementor-element-edc6375\" data-id=\"edc6375\" data-element_type=\"column\">\n\t\t\t<div class=\"elementor-widget-wrap elementor-element-populated\">\n\t\t\t\t\t\t<div class=\"elementor-element elementor-element-662d7f8 elementor-widget elementor-widget-heading\" data-id=\"662d7f8\" data-element_type=\"widget\" data-widget_type=\"heading.default\">\n\t\t\t\t<div class=\"elementor-widget-container\">\n\t\t\t\t\t<h2 class=\"elementor-heading-title elementor-size-default\">Guido Weber<\/h2>\t\t\t\t<\/div>\n\t\t\t\t<\/div>\n\t\t\t\t<section class=\"elementor-section elementor-inner-section elementor-element elementor-element-a752f2a elementor-section-boxed elementor-section-height-default elementor-section-height-default\" data-id=\"a752f2a\" data-element_type=\"section\">\n\t\t\t\t\t\t<div class=\"elementor-container elementor-column-gap-default\">\n\t\t\t\t\t<div class=\"elementor-column elementor-col-66 elementor-inner-column elementor-element elementor-element-501ffdb\" data-id=\"501ffdb\" data-element_type=\"column\">\n\t\t\t<div class=\"elementor-widget-wrap elementor-element-populated\">\n\t\t\t\t\t\t<div class=\"elementor-element elementor-element-22200e4 elementor-widget elementor-widget-text-editor\" data-id=\"22200e4\" data-element_type=\"widget\" data-widget_type=\"text-editor.default\">\n\t\t\t\t<div class=\"elementor-widget-container\">\n\t\t\t\t\t\t\t\t\t<p><i>Gr\u00fcndungsgesellschafter \u2013 Gesch\u00e4ftsf\u00fchrer<br \/>Finanzen, Einkauf und kommerzielle Verantwortung<\/i><br \/>\u00a0<br \/>Als gro\u00dfer Tierfreund und Halter einer Labrador H\u00fcndin habe ich viel Erfahrung mit den\u00a0verschiedenen unterschiedlichen Futterm\u00f6glichkeiten und der Ern\u00e4hrung von Tieren\u00a0gesammelt. Es ist mir nat\u00fcrlich sehr wichtig, hier meiner Verantwortung nachzukommen und\u00a0jederzeit nur gute und gesunde Produkte zu f\u00fcttern. \u00a0<br \/>\u00a0<br \/>Von vielen Angeboten war ich allerdings sehr entt\u00e4uscht. Je mehr man sich mit der Materie\u00a0befasst, desto mehr stellt man fest wie viele Produkte minderwertig sind und nur durch gutes\u00a0Marketing und g\u00fcnstige Preise statt Qualit\u00e4t vertrieben werden.\u00a0<br \/>\u00a0<br \/>Daraus ist hier der Entschluss gefallen diese privaten Priorit\u00e4ten mit meinem beruflichen\u00a0Hintergrund zu kombinieren und selbst die Zus\u00e4tze und Erg\u00e4nzungsstoffe zur Verf\u00fcgung zu\u00a0stellen, die im Alltag eben fehlen.<br \/>\u00a0<br \/>Als gelernter Kaufmann mit ca. 20 Jahren Handelserfahrung in verschiedenen Bereichen\u00a0k\u00fcmmere ich mich mit um die Produktauswahl und die Beschaffung unserer Ware.\u00a0<br \/>\u00a0<br \/>Sehr gerne stehe ich Ihnen aber auch t\u00e4glich als Ansprechpartner zur Verf\u00fcgung und freue\u00a0mich auf das pers\u00f6nliche Gespr\u00e4ch.<\/p>\t\t\t\t\t\t\t\t<\/div>\n\t\t\t\t<\/div>\n\t\t\t\t<div class=\"elementor-element elementor-element-b070587 elementor-widget elementor-widget-text-editor\" data-id=\"b070587\" data-element_type=\"widget\" data-widget_type=\"text-editor.default\">\n\t\t\t\t<div class=\"elementor-widget-container\">\n\t\t\t\t\t\t\t\t\t<p>Guido Weber<br><\/p>\t\t\t\t\t\t\t\t<\/div>\n\t\t\t\t<\/div>\n\t\t\t\t\t<\/div>\n\t\t<\/div>\n\t\t\t\t<div class=\"elementor-column elementor-col-33 elementor-inner-column elementor-element elementor-element-c5b491c\" data-id=\"c5b491c\" data-element_type=\"column\">\n\t\t\t<div class=\"elementor-widget-wrap elementor-element-populated\">\n\t\t\t\t\t\t<div class=\"elementor-element elementor-element-f61bc83 elementor-widget elementor-widget-image\" data-id=\"f61bc83\" data-element_type=\"widget\" data-widget_type=\"image.default\">\n\t\t\t\t<div class=\"elementor-widget-container\">\n\t\t\t\t\t\t\t\t\t\t\t\t\t\t\t<img fetchpriority=\"high\" decoding=\"async\" width=\"1536\" height=\"1229\" src=\"https:\/\/lizando-gmbh.de\/wp-content\/uploads\/2022\/08\/0a3c0a58-1-1536x1229.jpg\" class=\"attachment-1536x1536 size-1536x1536 wp-image-306\" alt=\"\" srcset=\"https:\/\/lizando-gmbh.de\/wp-content\/uploads\/2022\/08\/0a3c0a58-1-1536x1229.jpg 1536w, https:\/\/lizando-gmbh.de\/wp-content\/uploads\/2022\/08\/0a3c0a58-1-600x480.jpg 600w, https:\/\/lizando-gmbh.de\/wp-content\/uploads\/2022\/08\/0a3c0a58-1-300x240.jpg 300w, https:\/\/lizando-gmbh.de\/wp-content\/uploads\/2022\/08\/0a3c0a58-1-1024x819.jpg 1024w, https:\/\/lizando-gmbh.de\/wp-content\/uploads\/2022\/08\/0a3c0a58-1-768x614.jpg 768w, https:\/\/lizando-gmbh.de\/wp-content\/uploads\/2022\/08\/0a3c0a58-1-1568x1254.jpg 1568w, https:\/\/lizando-gmbh.de\/wp-content\/uploads\/2022\/08\/0a3c0a58-1.jpg 2000w\" sizes=\"(max-width: 1536px) 100vw, 1536px\" \/>\t\t\t\t\t\t\t\t\t\t\t\t\t\t\t<\/div>\n\t\t\t\t<\/div>\n\t\t\t\t\t<\/div>\n\t\t<\/div>\n\t\t\t\t\t<\/div>\n\t\t<\/section>\n\t\t\t\t\t<\/div>\n\t\t<\/div>\n\t\t\t\t\t<\/div>\n\t\t<\/section>\n\t\t\t\t<\/div>\n\t\t","protected":false},"excerpt":{"rendered":"<p>Guido Weber Gr\u00fcndungsgesellschafter \u2013 Gesch\u00e4ftsf\u00fchrerFinanzen, Einkauf und kommerzielle Verantwortung\u00a0Als gro\u00dfer Tierfreund und Halter einer Labrador H\u00fcndin habe ich viel Erfahrung &hellip; <a href=\"https:\/\/lizando-gmbh.de\/index.php\/ueber-uns\/guido-weber\/\" class=\"more-link\">Continue reading <span class=\"screen-reader-text\">Guido Weber<\/span><\/a><\/p>\n","protected":false},"author":2,"featured_media":0,"parent":69,"menu_order":0,"comment_status":"closed","ping_status":"closed","template":"elementor_header_footer","meta":{"footnotes":""},"class_list":["post-360","page","type-page","status-publish","hentry"],"_links":{"self":[{"href":"https:\/\/lizando-gmbh.de\/index.php\/wp-json\/wp\/v2\/pages\/360","targetHints":{"allow":["GET"]}}],"collection":[{"href":"https:\/\/lizando-gmbh.de\/index.php\/wp-json\/wp\/v2\/pages"}],"about":[{"href":"https:\/\/lizando-gmbh.de\/index.php\/wp-json\/wp\/v2\/types\/page"}],"author":[{"embeddable":true,"href":"https:\/\/lizando-gmbh.de\/index.php\/wp-json\/wp\/v2\/users\/2"}],"replies":[{"embeddable":true,"href":"https:\/\/lizando-gmbh.de\/index.php\/wp-json\/wp\/v2\/comments?post=360"}],"version-history":[{"count":8,"href":"https:\/\/lizando-gmbh.de\/index.php\/wp-json\/wp\/v2\/pages\/360\/revisions"}],"predecessor-version":[{"id":369,"href":"https:\/\/lizando-gmbh.de\/index.php\/wp-json\/wp\/v2\/pages\/360\/revisions\/369"}],"up":[{"embeddable":true,"href":"https:\/\/lizando-gmbh.de\/index.php\/wp-json\/wp\/v2\/pages\/69"}],"wp:attachment":[{"href":"https:\/\/lizando-gmbh.de\/index.php\/wp-json\/wp\/v2\/media?parent=360"}],"curies":[{"name":"wp","href":"https:\/\/api.w.org\/{rel}","templated":true}]}}