{"id":485,"date":"2023-09-08T01:31:38","date_gmt":"2023-09-08T01:31:38","guid":{"rendered":"https:\/\/lizando-gmbh.de\/?post_type=product&#038;p=485"},"modified":"2024-02-19T15:50:25","modified_gmt":"2024-02-19T15:50:25","slug":"leinroellchen-rind-getreidefreie-hundeleckerli","status":"publish","type":"product","link":"https:\/\/lizando-gmbh.de\/index.php\/produkt\/leinroellchen-rind-getreidefreie-hundeleckerli\/","title":{"rendered":"LEINR\u00d6LLCHEN  Rind  &#8211; getreidefreie Hundeleckerli"},"content":{"rendered":"<p><strong>Urkraft Hundetrockenfutter<\/strong>\u00a0100% nat\u00fcrlich auf Leinkuchen-Basis mit 5% Griebenmehl vom Rind, ohne Geschmacksverst\u00e4rker, Konservierungsstoffe und Getreide.<\/p>\n<h2>Woraus besteht unser Urkraft Hundetrockenfutter?<\/h2>\n<p>Die Grundbasis des Hundetrockenfutters\u00a0&#8211; der Leinr\u00f6llchen &#8211; bildet der kaltgepresste Leinkuchen aus Speiseleinsaat von Urkraft, dieser ist besonders gut verdaulich und versorgt den Magen-Darmtrakt mit wertvollen Schleimstoffen.<\/p>\n<p>&nbsp;<\/p>\n<h3>Die Wirkungsweise von Urkraft Leinr\u00f6llchen Hundtrockenfutter:<\/h3>\n<p><strong>Das Hundetrockenfutter enth\u00e4lt spezielle Schleimstoffe<\/strong>\u00a0die den Futterbrei im Darm gleitf\u00e4higer machen und somit die\u00a0Schutzfunktion der Schleimh\u00e4ute im Hundedarm\u00a0gegen eindringende Krankheitserreger unterst\u00fctzen. Au\u00dferdem wird die nat\u00fcrliche Darmbewegung des Hundes angeregt, daher sind unsere Leinr\u00f6llchen Rind auch als Di\u00e4tleckerli einsetzbar.<\/p>\n<p>&nbsp;<\/p>\n<h4>Hundetrockenfutter Urkraft Leinr\u00f6llchen Zusammensetzung &amp; Inhaltsstoffe:<\/h4>\n<p>100 % Leinkuchen, kaltgepresst<\/p>\n<p><u>Inhaltsstoffe pro 100 g:<\/u><\/p>\n<p>Rohprotein \u00a0 \u00a0 \u00a0 \u00a0 \u00a0 \u00a0 \u00a0 36,4 %<\/p>\n<p>Rohfaser\u00a0\u00a0\u00a0\u00a0\u00a0\u00a0\u00a0\u00a0\u00a0\u00a0\u00a0\u00a0\u00a0\u00a0\u00a0\u00a0\u00a0\u00a0\u00a0 9,3 %<\/p>\n<p>Rohfett \u00a0 \u00a0 \u00a0 \u00a0 \u00a0 \u00a0 \u00a0 \u00a0 \u00a0 \u00a0 \u00a09,5 %<\/p>\n<p>Rohasche \u00a0 \u00a0 \u00a0 \u00a0 \u00a0 \u00a0 \u00a0 \u00a0 \u00a0 6,0 %<\/p>\n<p>F\u00fctterungsempfehlung<\/p>\n<p>&nbsp;<\/p>\n<p>max. 20 g je 10 kg Hundegewicht \/ Tag<br \/>\nfrisches Trinkwasser sollte immer zur Verf\u00fcgung stehen<\/p>\n","protected":false},"excerpt":{"rendered":"<p>Urkraft Hundetrockenfutter\u00a0100% nat\u00fcrlich auf Leinkuchen-Basis mit 5% Griebenmehl vom Rind, ohne Geschmacksverst\u00e4rker, Konservierungsstoffe und Getreide. Woraus besteht unser Urkraft Hundetrockenfutter? &hellip; <a href=\"https:\/\/lizando-gmbh.de\/index.php\/produkt\/leinroellchen-rind-getreidefreie-hundeleckerli\/\" class=\"more-link\">Continue reading <span class=\"screen-reader-text\">LEINR\u00d6LLCHEN  Rind  &#8211; getreidefreie Hundeleckerli<\/span><\/a><\/p>\n","protected":false},"featured_media":489,"template":"","meta":[],"product_brand":[],"product_cat":[34,36],"product_tag":[],"class_list":{"0":"post-485","1":"product","2":"type-product","3":"status-publish","4":"has-post-thumbnail","6":"product_cat-hund","7":"product_cat-privat","8":"product_shipping_class-normale-pakete","10":"first","11":"instock","12":"taxable","13":"shipping-taxable","14":"purchasable","15":"product-type-variable"},"_links":{"self":[{"href":"https:\/\/lizando-gmbh.de\/index.php\/wp-json\/wp\/v2\/product\/485","targetHints":{"allow":["GET"]}}],"collection":[{"href":"https:\/\/lizando-gmbh.de\/index.php\/wp-json\/wp\/v2\/product"}],"about":[{"href":"https:\/\/lizando-gmbh.de\/index.php\/wp-json\/wp\/v2\/types\/product"}],"wp:featuredmedia":[{"embeddable":true,"href":"https:\/\/lizando-gmbh.de\/index.php\/wp-json\/wp\/v2\/media\/489"}],"wp:attachment":[{"href":"https:\/\/lizando-gmbh.de\/index.php\/wp-json\/wp\/v2\/media?parent=485"}],"wp:term":[{"taxonomy":"product_brand","embeddable":true,"href":"https:\/\/lizando-gmbh.de\/index.php\/wp-json\/wp\/v2\/product_brand?post=485"},{"taxonomy":"product_cat","embeddable":true,"href":"https:\/\/lizando-gmbh.de\/index.php\/wp-json\/wp\/v2\/product_cat?post=485"},{"taxonomy":"product_tag","embeddable":true,"href":"https:\/\/lizando-gmbh.de\/index.php\/wp-json\/wp\/v2\/product_tag?post=485"}],"curies":[{"name":"wp","href":"https:\/\/api.w.org\/{rel}","templated":true}]}}