{"id":559,"date":"2023-09-08T02:11:35","date_gmt":"2023-09-08T02:11:35","guid":{"rendered":"https:\/\/lizando-gmbh.de\/?post_type=product&#038;p=559"},"modified":"2024-02-18T23:51:06","modified_gmt":"2024-02-18T23:51:06","slug":"relax-mueckenmilch-2","status":"publish","type":"product","link":"https:\/\/lizando-gmbh.de\/index.php\/produkt\/relax-mueckenmilch-2\/","title":{"rendered":"RELAX M\u00fcckenmilch"},"content":{"rendered":"<p>zuverl\u00e4ssiger Schutz vor l\u00e4stigen Insekten, ohne Synthetika<\/p>\n<p>RELAX M\u00fcckenmilch sch\u00fctzt zuverl\u00e4ssig vor l\u00e4stigen Insekten und vermindert Zeckenbefall deutlich.<\/p>\n<p>Bekannt und beliebt ist die M\u00fcckenmilch von RELAX BIOCARE als Hautpflege und bei Insektenbefall.<\/p>\n<p>Die M\u00fcckenmilch beruhigt bei und nach Insektenstichen die Haut. Mit ihrer nat\u00fcrlichen Wirksamkeit durch verschiedene \u00e4therischen \u00d6le und feine Pflanzen\u00f6le, ist sie bestens vertr\u00e4glich, sch\u00fctzt und pflegt Haut und Fell im Sommer, dabei wirkt sie \u00e4u\u00dferst vielseitig. Die Heilkraft ihrer wertvollen \u00d6le ist schon seit vielen tausend Jahren bekannt. Denn sie f\u00f6rdern nicht nur Wohlbefinden und Ausgeglichenheit, sondern k\u00f6nnen unter anderem juckreizstillend und hautst\u00e4rkend sein. Besonders geeignet ist sie f\u00fcr Sommerekzeme und sensible Pferde. Hier ist ihre t\u00e4gliche Anwendung ein absolutes Muss, in Verbindung mit der RELAX Ekzemlotion pflegt sie schon nach der ersten Anwendung sp\u00fcrbar.<\/p>\n<p>Folgende Einsatzgebiete sind zu nennen:<\/p>\n<ul>\n<li>alle Tiere, die unter Insekten aller Art leiden, auch Hirschlausfliegen<\/li>\n<li>Tiere mit empfindlicher Haut<\/li>\n<li>Tiere mit Hautproblemen, z.B. Pferde mit Sommerekzem brauchen einen zuverl\u00e4ssigen Schutz, der den Stoffwechsel nicht zus\u00e4tzlich belastet<\/li>\n<li>Allergiker<\/li>\n<li>starker Zeckenbefall<\/li>\n<li>Hautberuhigend durch Lavendel- und Zedernholz\u00f6l<\/li>\n<\/ul>\n<p>Anwendungshinweis\/-empfehlung:<br \/>\nRelax-M\u00fcckenmilch ist ein Pflegeprodukt\/Insektenschutzmittel f\u00fcr Pferde, Hunde und Katzen, um die sommerliche Insektenplage zu minimieren. Relax \u2013 M\u00fcckenmilch hat einen sehr angenehmen Geruch und pflegt zus\u00e4tzlich die empfindliche Haut und das Fell Ihres Tieres.<br \/>\nBei Bedarf t\u00e4glich, auch mehrfach anwendbar.<\/p>\n<p>Inhalt:<br \/>\nGemisch aus pflanzlichen \u00d6len: Lavendel\u00f6l, Citronella\u00f6l, Zitroneneukalyptus\u00f6l, Sonnenblumen\u00f6l (GVO-frei), Wasser, Emulgatoren. Ohne Konservierungsstoffe. Vegan.<\/p>\n","protected":false},"excerpt":{"rendered":"<p>zuverl\u00e4ssiger Schutz vor l\u00e4stigen Insekten, ohne Synthetika RELAX M\u00fcckenmilch sch\u00fctzt zuverl\u00e4ssig vor l\u00e4stigen Insekten und vermindert Zeckenbefall deutlich. Bekannt und &hellip; <a href=\"https:\/\/lizando-gmbh.de\/index.php\/produkt\/relax-mueckenmilch-2\/\" class=\"more-link\">Continue reading <span class=\"screen-reader-text\">RELAX M\u00fcckenmilch<\/span><\/a><\/p>\n","protected":false},"featured_media":560,"template":"","meta":[],"product_brand":[],"product_cat":[35,36],"product_tag":[],"class_list":{"0":"post-559","1":"product","2":"type-product","3":"status-publish","4":"has-post-thumbnail","6":"product_cat-pferd","7":"product_cat-privat","8":"product_shipping_class-normale-pakete","10":"first","11":"instock","12":"taxable","13":"shipping-taxable","14":"purchasable","15":"product-type-variable","16":"has-default-attributes"},"_links":{"self":[{"href":"https:\/\/lizando-gmbh.de\/index.php\/wp-json\/wp\/v2\/product\/559","targetHints":{"allow":["GET"]}}],"collection":[{"href":"https:\/\/lizando-gmbh.de\/index.php\/wp-json\/wp\/v2\/product"}],"about":[{"href":"https:\/\/lizando-gmbh.de\/index.php\/wp-json\/wp\/v2\/types\/product"}],"wp:featuredmedia":[{"embeddable":true,"href":"https:\/\/lizando-gmbh.de\/index.php\/wp-json\/wp\/v2\/media\/560"}],"wp:attachment":[{"href":"https:\/\/lizando-gmbh.de\/index.php\/wp-json\/wp\/v2\/media?parent=559"}],"wp:term":[{"taxonomy":"product_brand","embeddable":true,"href":"https:\/\/lizando-gmbh.de\/index.php\/wp-json\/wp\/v2\/product_brand?post=559"},{"taxonomy":"product_cat","embeddable":true,"href":"https:\/\/lizando-gmbh.de\/index.php\/wp-json\/wp\/v2\/product_cat?post=559"},{"taxonomy":"product_tag","embeddable":true,"href":"https:\/\/lizando-gmbh.de\/index.php\/wp-json\/wp\/v2\/product_tag?post=559"}],"curies":[{"name":"wp","href":"https:\/\/api.w.org\/{rel}","templated":true}]}}